{"id":36,"date":"2019-08-12T17:59:43","date_gmt":"2019-08-12T17:59:43","guid":{"rendered":"https:\/\/aquecedoresgasterm.com\/?page_id=36"},"modified":"2019-08-19T16:43:44","modified_gmt":"2019-08-19T16:43:44","slug":"aquecedores-cardal","status":"publish","type":"page","link":"https:\/\/aquecedoresgasterm.com\/?page_id=36","title":{"rendered":"Aquecedores Cardal"},"content":{"rendered":"<h4 style=\"text-align: center;\"><span style=\"font-size: 130%;\">Assist\u00eancia t\u00e9cnica para Aquecedores e Duchas Kdt e Cardal, eletr\u00f4nicos de digitais, modelos atl\u00e2ntico, 12T Digitais 1,2 e 3.\u00a0 Manuten\u00e7\u00e3o para todos os aquecedores e Duchas KDT.<\/span><\/h4>\n<p><img fetchpriority=\"high\" decoding=\"async\" class=\"aligncenter wp-image-86\" src=\"https:\/\/aquecedoresgasterm.com\/wp-content\/uploads\/2019\/08\/Slide4.png\" alt=\"\" width=\"960\" height=\"250\" srcset=\"https:\/\/aquecedoresgasterm.com\/wp-content\/uploads\/2019\/08\/Slide4.png 960w, https:\/\/aquecedoresgasterm.com\/wp-content\/uploads\/2019\/08\/Slide4-300x78.png 300w, https:\/\/aquecedoresgasterm.com\/wp-content\/uploads\/2019\/08\/Slide4-768x200.png 768w, https:\/\/aquecedoresgasterm.com\/wp-content\/uploads\/2019\/08\/Slide4-24x6.png 24w, https:\/\/aquecedoresgasterm.com\/wp-content\/uploads\/2019\/08\/Slide4-36x9.png 36w, https:\/\/aquecedoresgasterm.com\/wp-content\/uploads\/2019\/08\/Slide4-48x13.png 48w\" sizes=\"(max-width: 960px) 100vw, 960px\" \/><\/p>\n<p><span style=\"font-size: 130%;\">Assist\u00eancia t\u00e9cnica para todos os modelos de aquecedor Cardal, inclusive os mais antigos ( 4000 B \u2013 6000 B \u2013 Toda a linha BX ), aquecedores eletr\u00f4nicos centrais e individuais para pia de cozinha, sempre com pe\u00e7as originais.<\/span><\/p>\n<p><span style=\"font-size: 130%;\">D\u00favidas ou\u00a0emerg\u00eancia\u00a0?<\/span><\/p>\n<p><span class=\"im\" style=\"font-size: 130%;\">Ligue\u00a0<a href=\"tel:11-%202769%201483\" target=\"_blank\" rel=\"noopener noreferrer\">11-<\/a><strong><a href=\"tel:11-%202769%201483\" target=\"_blank\" rel=\"noopener noreferrer\">\u00a02769 1483<\/a><\/strong>\u00a0\u00a0 ou em nosso plant\u00e3o\u00a0 11-\u00a0<strong>9 8872 7944<\/strong><\/span><\/p>\n","protected":false},"excerpt":{"rendered":"<p>Assist\u00eancia t\u00e9cnica para Aquecedores e Duchas Kdt e Cardal, eletr\u00f4nicos de digitais, modelos atl\u00e2ntico, 12T Digitais 1,2 e 3.\u00a0 Manuten\u00e7\u00e3o para todos os aquecedores e Duchas KDT. Assist\u00eancia t\u00e9cnica para todos os modelos de aquecedor Cardal, inclusive os mais antigos ( 4000 B \u2013 6000 B \u2013 Toda a linha BX ), aquecedores eletr\u00f4nicos centrais [&#8230;]\n","protected":false},"author":1,"featured_media":0,"parent":0,"menu_order":0,"comment_status":"closed","ping_status":"closed","template":"page-blank-title-center.php","meta":{"footnotes":""},"class_list":["post-36","page","type-page","status-publish","hentry"],"_links":{"self":[{"href":"https:\/\/aquecedoresgasterm.com\/index.php?rest_route=\/wp\/v2\/pages\/36","targetHints":{"allow":["GET"]}}],"collection":[{"href":"https:\/\/aquecedoresgasterm.com\/index.php?rest_route=\/wp\/v2\/pages"}],"about":[{"href":"https:\/\/aquecedoresgasterm.com\/index.php?rest_route=\/wp\/v2\/types\/page"}],"author":[{"embeddable":true,"href":"https:\/\/aquecedoresgasterm.com\/index.php?rest_route=\/wp\/v2\/users\/1"}],"replies":[{"embeddable":true,"href":"https:\/\/aquecedoresgasterm.com\/index.php?rest_route=%2Fwp%2Fv2%2Fcomments&post=36"}],"version-history":[{"count":0,"href":"https:\/\/aquecedoresgasterm.com\/index.php?rest_route=\/wp\/v2\/pages\/36\/revisions"}],"wp:attachment":[{"href":"https:\/\/aquecedoresgasterm.com\/index.php?rest_route=%2Fwp%2Fv2%2Fmedia&parent=36"}],"curies":[{"name":"wp","href":"https:\/\/api.w.org\/{rel}","templated":true}]}}