{"id":11,"date":"2019-08-12T16:53:52","date_gmt":"2019-08-12T16:53:52","guid":{"rendered":"https:\/\/aquecedoresgasterm.com\/?page_id=11"},"modified":"2019-08-19T16:42:49","modified_gmt":"2019-08-19T16:42:49","slug":"aquecedores-kdt","status":"publish","type":"page","link":"https:\/\/aquecedoresgasterm.com\/?page_id=11","title":{"rendered":"Aquecedores KDT"},"content":{"rendered":"<h4 style=\"text-align: center;\"><span style=\"font-size: 130%;\">Assist\u00eancia t\u00e9cnica para Aquecedores e Duchas Kdt e Cardal, eletr\u00f4nicos de digitais, modelos atl\u00e2ntico, 12T Digitais 1,2 e 3.\u00a0 Manuten\u00e7\u00e3o para todos os aquecedores e Duchas KDT.<\/span><\/h4>\n<p style=\"text-align: center;\"><iframe src=\"https:\/\/www.youtube.com\/embed\/CfXVH-4HHoE\" width=\"560\" height=\"315\" frameborder=\"0\" allowfullscreen=\"allowfullscreen\"><\/iframe><\/p>\n<h4>\u00a0Aquecedores KDT<\/h4>\n<h4>A KDT \u00e9 uma tradicional marca de aquecedores e duchas, desde os modelos K1 e K2 com ampolas de merc\u00fario, passando pelo modelo K3 at\u00e9 chegar aos modelos eletr\u00f4nicos e digitais.<\/h4>\n<h4>Aquecedores KDT<\/h4>\n<h4>Inicialmente Fabricados pela empresa Kadilton do Amazonas e atualmente pela empresa tertec. Portanto, se voc\u00ea possui um aparelho KDT saiba que tem em seu poder um aparelho que \u00e9 fruto de constantes pesquisas e inova\u00e7\u00f5es para lhe proporcionar \u00a0conforto e seguran\u00e7a na gera\u00e7\u00e3o e utiliza\u00e7\u00e3o de \u00e1gua quente.<\/h4>\n<h4>Aquecedores KDT<\/h4>\n<h4>A GASTERM tem em seu quadro de funcion\u00e1rios, t\u00e9cnicos com largo conhecimento dos aquecedores e duchas KDT, o que nos permite prestar servi\u00e7os de assist\u00eancia t\u00e9cnica e manuten\u00e7\u00e3o \u00a0com muita efici\u00eancia, tanto para os modelos mais antigos como os modelos Atl\u00e2ntico 2000, 2001 e Igua\u00e7u entre outros, passando pelos eletr\u00f4nicos tradicionais 9T e 12 T como os mais modernos digitais de DG1 e DG2, e os eletr\u00f4nicos program\u00e1veis al\u00e9m das duchas 6T .<\/h4>\n<h4>Aquecedores KDT<\/h4>\n<h4>Os Aquecedores para banheira, eletr\u00f4nicos e digitais, s\u00e3o verdadeiras j\u00f3ias em mat\u00e9ria de aquecimento, portanto quando se fala em KDT estamos falando de qualidade, efici\u00eancia, seguran\u00e7a e o belo design da marca.<\/h4>\n<h4>Simplificando:<\/h4>\n<h4>KDT \u00a0a tecnologia do Banho.<\/h4>\n<h4>Assist\u00eancia t\u00e9cnica e vendas<\/h4>\n<h4><span class=\"im\">D\u00favidas\u00a0 ou\u00a0<\/span><span class=\"im\">emerg\u00eancia<\/span><span class=\"im\">\u00a0?\u00a0<\/span><\/h4>\n<h4><span class=\"im\">Ligue\u00a0\u00a0<a href=\"tel:11-%202769%201483\" target=\"_blank\" rel=\"noopener noreferrer\">11- 2769 1483<\/a>\u00a0 ou em nosso plant\u00e3o\u00a0 11- 9 8872 7944<\/span><\/h4>\n","protected":false},"excerpt":{"rendered":"<p>Assist\u00eancia t\u00e9cnica para Aquecedores e Duchas Kdt e Cardal, eletr\u00f4nicos de digitais, modelos atl\u00e2ntico, 12T Digitais 1,2 e 3.\u00a0 Manuten\u00e7\u00e3o para todos os aquecedores e Duchas KDT. \u00a0Aquecedores KDT A KDT \u00e9 uma tradicional marca de aquecedores e duchas, desde os modelos K1 e K2 com ampolas de merc\u00fario, passando pelo modelo K3 at\u00e9 chegar [&#8230;]\n","protected":false},"author":1,"featured_media":0,"parent":0,"menu_order":0,"comment_status":"closed","ping_status":"closed","template":"page-blank-title-center.php","meta":{"footnotes":""},"class_list":["post-11","page","type-page","status-publish","hentry"],"_links":{"self":[{"href":"https:\/\/aquecedoresgasterm.com\/index.php?rest_route=\/wp\/v2\/pages\/11","targetHints":{"allow":["GET"]}}],"collection":[{"href":"https:\/\/aquecedoresgasterm.com\/index.php?rest_route=\/wp\/v2\/pages"}],"about":[{"href":"https:\/\/aquecedoresgasterm.com\/index.php?rest_route=\/wp\/v2\/types\/page"}],"author":[{"embeddable":true,"href":"https:\/\/aquecedoresgasterm.com\/index.php?rest_route=\/wp\/v2\/users\/1"}],"replies":[{"embeddable":true,"href":"https:\/\/aquecedoresgasterm.com\/index.php?rest_route=%2Fwp%2Fv2%2Fcomments&post=11"}],"version-history":[{"count":0,"href":"https:\/\/aquecedoresgasterm.com\/index.php?rest_route=\/wp\/v2\/pages\/11\/revisions"}],"wp:attachment":[{"href":"https:\/\/aquecedoresgasterm.com\/index.php?rest_route=%2Fwp%2Fv2%2Fmedia&parent=11"}],"curies":[{"name":"wp","href":"https:\/\/api.w.org\/{rel}","templated":true}]}}